ed by 139.
122
Calculate the remainder when 18159 is divided by 647.
43
What is the remainder when 1931 is divided by 313?
53
What is the remainder when 16 is divided by 14?
2
Calculate the remainder when 20392 is divided by 145.
92
What is the remainder when 11084 is divided by 3661?
101
Calculate the remainder when 33625 is divided by 7.
4
Calculate the remainder when 4882 is divided by 3524.
1358
What is the remainder when 51344 is divided by 143?
7
What is the remainder when 73696 is divided by 67?
63
Calculate the remainder when 1569 is divided by 51.
39
Calculate the remainder when 586 is divided by 84.
82
What is the remainder when 625 is divided by 296?
33
What is the remainder when 104803 is divided by 20946?
73
What is the remainder when 3007 is divided by 32?
31
Calculate the remainder when 1695 is divided by 831.
33
Calculate the remainder when 6944925 is divided by 146.
143
Calculate the remainder when 20660 is divided by 567.
248
Calculate the remainder when 34779 is divided by 378.
3
What is the remainder when 570 is divided by 262?
46
What is the remainder when 1646615 is divided by 411651?
11
What is the remainder when 91098 is divided by 7590?
18
Calculate the remainder when 13264 is divided by 3667.
2263
What is the remainder when 322 is divided by 5?
2
What is the remainder when 22960 is divided by 3822?
28
What is the remainder when 3983 is divided by 118?
89
Calculate the remainder when 36131 is divided by 19.
12
Calculate the remainder when 1378 is divided by 440.
58
Calculate the remainder when 738 is divided by 208.
114
Calculate the remainder when 9943 is divided by 164.
103
Calculate the remainder when 569684 is divided by 569681.
3
What is the remainder when 76416 is divided by 21?
18
Calculate the remainder when 18985 is divided by 6328.
1
What is the remainder when 672315 is divided by 9?
6
What is the remainder when 666 is divided by 216?
18
What is the remainder when 4364 is divided by 12?
8
Calculate the remainder when 17417 is divided by 58.
17
What is the remainder when 82 is divided by 32?
18
What is the remainder when 13216 is divided by 2344?
1496
What is the remainder when 2191446 is divided by 89?
88
Calculate the remainder when 1082663 is divided by 5.
3
What is the remainder when 229405 is divided by 25488?
13
What is the remainder when 3198 is divided by 544?
478
What is the remainder when 11474 is divided by 1042?
12
What is the remainder when 702 is divided by 42?
30
Calculate the remainder when 237437 is divided by 523.
518
What is the remainder when 5099 is divided by 1675?
74
What is the remainder when 6155 is divided by 6146?
9
Calculate the remainder when 666 is divided by 125.
41
Calculate the remainder when 6107 is divided by 28.
3
Calculate the remainder when 17402546 is divided by 353.
352
Calculate the remainder when 79353 is divided by 7213.
10
What is the remainder when 17912 is divided by 352?
312
What is the remainder when 3416 is divided by 876?
788
Calculate the remainder when 866 is divided by 2.
0
What is the remainder when 158383 is divided by 93?
4
What is the remainder when 31600 is divided by 15790?
20
Calculate the remainder when 884315 is divided by 17.
9
Calculate the remainder when 26760 is divided by 35.
20
Calculate the remainder when 29857 is divided by 142.
37
Calculate the remainder when 46434 is divided by 1011.
939
What is the remainder when 7874 is divided by 347?
240
What is the remainder when 4774735 is divided by 653?
652
What is the remainder when 138307 is divided by 34570?
27
What is the remainder when 32332 is divided by 437?
431
Calculate the remainder when 415687 is divided by 82.
29
What is the remainder when 56845 is divided by 222?
13
What is the remainder when 24035 is divided by 9?
5
What is the remainder when 50911 is divided by 896?
735
What is the remainder when 39486 is divided by 100?
86
What is the remainder when 7137 is divided by 1767?
69
Calculate the remainder when 21054 is divided by 5262.
6
What is the remainder when 8607 is divided by 365?
212
What is the remainder when 20088 is divided by 203?
194
What is the remainder when 285182 is divided by 83?
77
Calculate the remainder when 479153 is divided by 479132.
21
Calculate the remainder when 6139 is divided by 476.
427
Calculate the remainder when 51605 is divided by 141.
140
What is the remainder when 2740479 is divided by 913492?
3
Calculate the remainder when 3617 is divided by 915.
872
What is the remainder when 430845 is divided by 43084?
5
What is the remainder when 63188 is divided by 12631?
33
Calculate the remainder when 8378 is divided by 2086.
34
Calculate the remainder when 215712 is divided by 407.
2
What is the remainder when 4416 is divided by 615?
111
Calculate the remainder when 4523 is divided by 907.
895
What is the remainder when 8274 is divided by 480?
114
What is the remainder when 78820 is divided by 188?
48
Calculate the remainder when 13077 is divided by 619.
78
Calculate the remainder when 2076 is divided by 651.
123
Calculate the remainder when 275878 is divided by 40.
38
What is the remainder when 38484 is divided by 161?
5
Calculate the remainder when 3518 is divided by 439.
6
What is the remainder when 64103 is divided by 14?
11
Calculate the remainder when 115360 is divided by 151.
147
Calculate the remainder when 1593 is divided by 34.
29
Calculate the remainder when 69744 is divided by 62.
56
Calculate the remainder when 723 is divided by 545.
178
What is the remainder when 253395 is divided by 143?
142
What is the remainder when 40023 is divided by 162?
9
Calculate the remainder when 19524 is divided by 428.
264
What is the remainder when 2712 is divided by 109?
96
What is the remainder when 28921 is divided by 339?
106
What is the remainder when 9230 is divided by 9012?
218
Calculate the remainder when 18063 is divided by 17998.
65
Calculate the remainder when 9659 is divided by 167.
140
What is the remainder when 11428 is divided by 1?
0
What is the remainder when 51202 is divided by 59?
49
What is the remainder when 128277 is divided by 14?
9
What is the remainder when 1605311 is divided by 26?
19
Calculate the remainder when 10896 is divided by 63.
60
Calculate the remainder when 9965 is divided by 17.
3
What is the remainder when 402980 is divided by 17?
12
What is the remainder when 158 is divided by 66?
26
What is the remainder when 12231 is divided by 46?
41
What is the remainder when 32019 is divided by 7988?
67
What is the remainder when 125414 is divided by 62592?
230
Calculate the remainder when 5270 is divided by 1739.
53
What is the remainder when 192141 is divided by 25?
16
Calculate the remainder when 11102 is divided by 86.
8
Calculate the remainder when 87384 is divided by 1984.
88
What is the remainder when 488 is divided by 475?
13
What is the remainder when 203947 is divided by 168?
163
Calculate the remainder when 281238 is divided by 125.
113
What is the remainder when 222185 is divided by 297?
29
What is the remainder when 13528 is divided by 4505?
13
What is the remainder when 386614 is divided by 89?
87
Calculate the remainder when 391514 is divided by 1838.
20
What is the remainder when 13991 is divided by 2798?
1
What is the remainder when 13621 is divided by 903?
76
What is the remainder when 106566 is divided by 80?
6
What is the remainder when 50631 is divided by 11?
9
Calculate the remainder when 405788 is divided by 179.
174
What is the remainder when 231372 is divided by 401?
396
Calculate the remainder when 5476 is divided by 21.
16
Calculate the remainder when 32888 is divided by 78.
50
Calculate the remainder when 530280 is divided by 177.
165
What is the remainder when 27579 is divided by 100?
79
What is the remainder when 12156 is divided by 196?
4
What is the remainder when 1272 is divided by 1261?
11
Calculate the remainder when 83641 is divided by 83621.
20
Calculate the remainder when 3242699 is divided by 1080895.
14
What is the remainder when 562326 is divided by 4?
2
What is the remainder when 228269 is divided by 7?
6
What is the remainder when 194713 is divided by 26?
25
What is the remainder when 59429 is divided by 2049?
8
Calculate the remainder when 12641 is divided by 2103.
23
Calculate the remainder